{"id":1403,"date":"2022-08-02T11:20:42","date_gmt":"2022-08-02T11:20:42","guid":{"rendered":"https:\/\/test.champagne-lallier.com\/dev\/?page_id=1403"},"modified":"2025-10-30T08:20:18","modified_gmt":"2025-10-30T08:20:18","slug":"millesimes","status":"publish","type":"page","link":"https:\/\/test.champagne-lallier.com\/dev\/our-collections\/millesimes\/","title":{"rendered":"Mill\u00e9sim\u00e9s"},"content":{"rendered":"","protected":false},"excerpt":{"rendered":"","protected":false},"author":10004,"featured_media":0,"parent":8,"menu_order":0,"comment_status":"closed","ping_status":"closed","template":"templates\/tpl-blocks.php","meta":{"_acf_changed":false,"footnotes":""},"pagetype":[12],"class_list":["post-1403","page","type-page","status-publish","hentry","pagetype-product"],"acf":[],"yoast_head":"<!-- This site is optimized with the Yoast SEO plugin v26.9 - https:\/\/yoast.com\/product\/yoast-seo-wordpress\/ -->\n<title>Lallier Mill\u00e9sim\u00e9 Grand Cru 2014 | Champagne Lallier<\/title>\n<meta name=\"description\" content=\"Lallier Mill\u00e9sim\u00e9 Grand Cru 2014 champagne is made from 73% Pinot Noir &amp; 27% Chardonnay offering an elegant depth and aromatic persistence.\" \/>\n<meta name=\"robots\" content=\"noindex, follow, max-snippet:-1, max-image-preview:large, max-video-preview:-1\" \/>\n<meta property=\"og:type\" content=\"article\" \/>\n<meta property=\"og:title\" content=\"Lallier Mill\u00e9sim\u00e9 Grand Cru 2014 | Champagne Lallier\" \/>\n<meta property=\"og:description\" content=\"Lallier Mill\u00e9sim\u00e9 Grand Cru 2014 champagne is made from 73% Pinot Noir &amp; 27% Chardonnay offering an elegant depth and aromatic persistence.\" \/>\n<meta property=\"og:url\" content=\"https:\/\/www.champagne-lallier.com\/our-collections\/millesimes\/\" \/>\n<meta property=\"og:site_name\" content=\"Champagne Lallier\" \/>\n<meta property=\"article:modified_time\" content=\"2025-10-30T08:20:18+00:00\" \/>\n<meta name=\"twitter:card\" content=\"summary_large_image\" \/>\n<!-- \/ Yoast SEO plugin. -->","yoast_head_json":{"title":"Lallier Mill\u00e9sim\u00e9 Grand Cru 2014 | Champagne Lallier","description":"Lallier Mill\u00e9sim\u00e9 Grand Cru 2014 champagne is made from 73% Pinot Noir & 27% Chardonnay offering an elegant depth and aromatic persistence.","robots":{"index":"noindex","follow":"follow","max-snippet":"max-snippet:-1","max-image-preview":"max-image-preview:large","max-video-preview":"max-video-preview:-1"},"og_type":"article","og_title":"Lallier Mill\u00e9sim\u00e9 Grand Cru 2014 | Champagne Lallier","og_description":"Lallier Mill\u00e9sim\u00e9 Grand Cru 2014 champagne is made from 73% Pinot Noir & 27% Chardonnay offering an elegant depth and aromatic persistence.","og_url":"https:\/\/test.champagne-lallier.com\/dev\/our-collections\/millesimes\/","og_site_name":"Champagne Lallier","article_modified_time":"2025-10-30T08:20:18+00:00","twitter_card":"summary_large_image","schema":{"@context":"https:\/\/schema.org","@graph":[{"@type":"WebPage","@id":"https:\/\/test.champagne-lallier.com\/dev\/our-collections\/millesimes\/","url":"https:\/\/test.champagne-lallier.com\/dev\/our-collections\/millesimes\/","name":"Lallier Mill\u00e9sim\u00e9 Grand Cru 2014 | Champagne Lallier","isPartOf":{"@id":"https:\/\/test.champagne-lallier.com\/dev\/en-us\/#website"},"datePublished":"2022-08-02T11:20:42+00:00","dateModified":"2025-10-30T08:20:18+00:00","description":"Lallier Mill\u00e9sim\u00e9 Grand Cru 2014 champagne is made from 73% Pinot Noir & 27% Chardonnay offering an elegant depth and aromatic persistence.","breadcrumb":{"@id":"https:\/\/test.champagne-lallier.com\/dev\/our-collections\/millesimes\/#breadcrumb"},"inLanguage":"en","potentialAction":[{"@type":"ReadAction","target":["https:\/\/www.champagne-lallier.com\/our-collections\/millesimes\/"]}]},{"@type":"BreadcrumbList","@id":"https:\/\/test.champagne-lallier.com\/dev\/our-collections\/millesimes\/#breadcrumb","itemListElement":[{"@type":"ListItem","position":1,"name":"Home","item":"https:\/\/test.champagne-lallier.com\/dev\/"},{"@type":"ListItem","position":2,"name":"Our collections","item":"https:\/\/test.champagne-lallier.com\/dev\/our-collections\/"},{"@type":"ListItem","position":3,"name":"Mill\u00e9sim\u00e9s"}]},{"@type":"WebSite","@id":"https:\/\/test.champagne-lallier.com\/dev\/en-us\/#website","url":"https:\/\/test.champagne-lallier.com\/dev\/en-us\/","name":"Champagne Lallier","description":"Just another Champagne-lallier.com site","publisher":{"@id":"https:\/\/test.champagne-lallier.com\/dev\/en-us\/#organization"},"potentialAction":[{"@type":"SearchAction","target":{"@type":"EntryPoint","urlTemplate":"https:\/\/test.champagne-lallier.com\/dev\/en-us\/?s={search_term_string}"},"query-input":{"@type":"PropertyValueSpecification","valueRequired":true,"valueName":"search_term_string"}}],"inLanguage":"en"},{"@type":"Organization","@id":"https:\/\/test.champagne-lallier.com\/dev\/en-us\/#organization","name":"Champagne Lallier","url":"https:\/\/test.champagne-lallier.com\/dev\/en-us\/","logo":{"@type":"ImageObject","inLanguage":"en","@id":"https:\/\/test.champagne-lallier.com\/dev\/en-us\/#\/schema\/logo\/image\/","url":"","contentUrl":"","caption":"Champagne Lallier"},"image":{"@id":"https:\/\/test.champagne-lallier.com\/dev\/en-us\/#\/schema\/logo\/image\/"}}]}},"_links":{"self":[{"href":"https:\/\/test.champagne-lallier.com\/dev\/wp-json\/wp\/v2\/pages\/1403","targetHints":{"allow":["GET"]}}],"collection":[{"href":"https:\/\/test.champagne-lallier.com\/dev\/wp-json\/wp\/v2\/pages"}],"about":[{"href":"https:\/\/test.champagne-lallier.com\/dev\/wp-json\/wp\/v2\/types\/page"}],"author":[{"embeddable":true,"href":"https:\/\/test.champagne-lallier.com\/dev\/wp-json\/wp\/v2\/users\/10004"}],"replies":[{"embeddable":true,"href":"https:\/\/test.champagne-lallier.com\/dev\/wp-json\/wp\/v2\/comments?post=1403"}],"version-history":[{"count":1,"href":"https:\/\/test.champagne-lallier.com\/dev\/wp-json\/wp\/v2\/pages\/1403\/revisions"}],"predecessor-version":[{"id":9559,"href":"https:\/\/test.champagne-lallier.com\/dev\/wp-json\/wp\/v2\/pages\/1403\/revisions\/9559"}],"up":[{"embeddable":true,"href":"https:\/\/test.champagne-lallier.com\/dev\/wp-json\/wp\/v2\/pages\/8"}],"wp:attachment":[{"href":"https:\/\/test.champagne-lallier.com\/dev\/wp-json\/wp\/v2\/media?parent=1403"}],"wp:term":[{"taxonomy":"pagetype","embeddable":true,"href":"https:\/\/test.champagne-lallier.com\/dev\/wp-json\/wp\/v2\/pagetype?post=1403"}],"curies":[{"name":"wp","href":"https:\/\/api.w.org\/{rel}","templated":true}]}}